[INFO] fetching crate amadeus-serde 0.4.2...
[INFO] building amadeus-serde-0.4.2 against master#ff34b919075f35a1787659e9c448a34b06bab8de for issue-85264
[INFO] extracting crate amadeus-serde 0.4.2 into /workspace/builds/worker-1/source
[INFO] validating manifest of crates.io crate amadeus-serde 0.4.2 on toolchain ff34b919075f35a1787659e9c448a34b06bab8de
[INFO] running `Command { std: "/workspace/cargo-home/bin/cargo" "+ff34b919075f35a1787659e9c448a34b06bab8de" "metadata" "--manifest-path" "Cargo.toml" "--no-deps", kill_on_drop: false }`
[INFO] started tweaking crates.io crate amadeus-serde 0.4.2
[INFO] finished tweaking crates.io crate amadeus-serde 0.4.2
[INFO] tweaked toml for crates.io crate amadeus-serde 0.4.2 written to /workspace/builds/worker-1/source/Cargo.toml
[INFO] running `Command { std: "/workspace/cargo-home/bin/cargo" "+ff34b919075f35a1787659e9c448a34b06bab8de" "generate-lockfile" "--manifest-path" "Cargo.toml" "-Zno-index-update", kill_on_drop: false }`
[INFO] [stderr]     Blocking waiting for file lock on package cache
[INFO] running `Command { std: "/workspace/cargo-home/bin/cargo" "+ff34b919075f35a1787659e9c448a34b06bab8de" "fetch" "--manifest-path" "Cargo.toml", kill_on_drop: false }`
[INFO] running `Command { std: "docker" "create" "-v" "/var/lib/crater-agent-workspace/builds/worker-1/target:/opt/rustwide/target:rw,Z" "-v" "/var/lib/crater-agent-workspace/builds/worker-1/source:/opt/rustwide/workdir:ro,Z" "-v" "/var/lib/crater-agent-workspace/cargo-home:/opt/rustwide/cargo-home:ro,Z" "-v" "/var/lib/crater-agent-workspace/rustup-home:/opt/rustwide/rustup-home:ro,Z" "-e" "SOURCE_DIR=/opt/rustwide/workdir" "-e" "CARGO_TARGET_DIR=/opt/rustwide/target" "-e" "CARGO_HOME=/opt/rustwide/cargo-home" "-e" "RUSTUP_HOME=/opt/rustwide/rustup-home" "-w" "/opt/rustwide/workdir" "-m" "1610612736" "--user" "0:0" "--network" "none" "ghcr.io/rust-lang/crates-build-env/linux@sha256:20528e8c29e4536546f0102ce88568b16ea7538393a33fcca951030f7af10457" "/opt/rustwide/cargo-home/bin/cargo" "+ff34b919075f35a1787659e9c448a34b06bab8de" "metadata" "--no-deps" "--format-version=1", kill_on_drop: false }`
[INFO] [stdout] 28039169b364f51bf418ea191daf557330b8b67b091bdf4e81a36b944d47077e
[INFO] [stderr] WARNING: Your kernel does not support swap limit capabilities or the cgroup is not mounted. Memory limited without swap.
[INFO] running `Command { std: "docker" "start" "-a" "28039169b364f51bf418ea191daf557330b8b67b091bdf4e81a36b944d47077e", kill_on_drop: false }`
[INFO] running `Command { std: "docker" "inspect" "28039169b364f51bf418ea191daf557330b8b67b091bdf4e81a36b944d47077e", kill_on_drop: false }`
[INFO] running `Command { std: "docker" "rm" "-f" "28039169b364f51bf418ea191daf557330b8b67b091bdf4e81a36b944d47077e", kill_on_drop: false }`
[INFO] [stdout] 28039169b364f51bf418ea191daf557330b8b67b091bdf4e81a36b944d47077e
[INFO] running `Command { std: "docker" "create" "-v" "/var/lib/crater-agent-workspace/builds/worker-1/target:/opt/rustwide/target:rw,Z" "-v" "/var/lib/crater-agent-workspace/builds/worker-1/source:/opt/rustwide/workdir:ro,Z" "-v" "/var/lib/crater-agent-workspace/cargo-home:/opt/rustwide/cargo-home:ro,Z" "-v" "/var/lib/crater-agent-workspace/rustup-home:/opt/rustwide/rustup-home:ro,Z" "-e" "SOURCE_DIR=/opt/rustwide/workdir" "-e" "CARGO_TARGET_DIR=/opt/rustwide/target" "-e" "CARGO_INCREMENTAL=0" "-e" "RUST_BACKTRACE=full" "-e" "RUSTFLAGS=--cap-lints=forbid" "-e" "CARGO_HOME=/opt/rustwide/cargo-home" "-e" "RUSTUP_HOME=/opt/rustwide/rustup-home" "-w" "/opt/rustwide/workdir" "-m" "1610612736" "--user" "0:0" "--network" "none" "ghcr.io/rust-lang/crates-build-env/linux@sha256:20528e8c29e4536546f0102ce88568b16ea7538393a33fcca951030f7af10457" "/opt/rustwide/cargo-home/bin/cargo" "+ff34b919075f35a1787659e9c448a34b06bab8de" "build" "--frozen" "--message-format=json", kill_on_drop: false }`
[INFO] [stdout] 3372bcbe5844304d3c0f17ff9207051f41bd2f42bda717b64a33a644068fc90b
[INFO] [stderr] WARNING: Your kernel does not support swap limit capabilities or the cgroup is not mounted. Memory limited without swap.
[INFO] running `Command { std: "docker" "start" "-a" "3372bcbe5844304d3c0f17ff9207051f41bd2f42bda717b64a33a644068fc90b", kill_on_drop: false }`
[INFO] [stderr]    Compiling syn v1.0.72
[INFO] [stderr]    Compiling rustversion v1.0.5
[INFO] [stderr]    Compiling libc v0.2.95
[INFO] [stderr]    Compiling memchr v2.4.0
[INFO] [stderr]    Compiling futures-core v0.3.15
[INFO] [stderr]    Compiling futures-channel v0.3.15
[INFO] [stderr]    Compiling proc-macro-nested v0.1.7
[INFO] [stderr]    Compiling futures-task v0.3.15
[INFO] [stderr]    Compiling futures-sink v0.3.15
[INFO] [stderr]    Compiling regex-syntax v0.6.25
[INFO] [stderr]    Compiling pin-project-internal v0.4.28
[INFO] [stderr]    Compiling futures-io v0.3.15
[INFO] [stderr]    Compiling ryu v1.0.5
[INFO] [stderr]    Compiling static_assertions v1.1.0
[INFO] [stderr]    Compiling async-trait v0.1.50
[INFO] [stderr]    Compiling hashbrown v0.9.1
[INFO] [stderr]    Compiling pin-project-lite v0.1.12
[INFO] [stderr]    Compiling same-file v1.0.6
[INFO] [stderr]    Compiling percent-encoding v2.1.0
[INFO] [stderr]    Compiling replace_with v0.1.7
[INFO] [stderr]    Compiling bytes v0.5.6
[INFO] [stderr]    Compiling serde_json v1.0.64
[INFO] [stderr]    Compiling widestring v0.4.3
[INFO] [stderr]    Compiling itoa v0.4.7
[INFO] [stderr]    Compiling once_cell v1.7.2
[INFO] [stderr]    Compiling num-integer v0.1.44
[INFO] [stderr]    Compiling futures-macro v0.3.15
[INFO] [stderr]    Compiling num-bigint v0.4.0
[INFO] [stderr]    Compiling futures-util v0.3.15
[INFO] [stderr]    Compiling indexmap v1.6.2
[INFO] [stderr]    Compiling regex-automata v0.1.9
[INFO] [stderr]    Compiling hashlink v0.5.1
[INFO] [stderr]    Compiling recycle v0.1.0
[INFO] [stderr]    Compiling walkdir v2.3.2
[INFO] [stderr]    Compiling form_urlencoded v1.0.1
[INFO] [stderr]    Compiling tokio v0.2.25
[INFO] [stderr]    Compiling csv-core v0.1.10
[INFO] [stderr]    Compiling getrandom v0.1.16
[INFO] [stderr]    Compiling getrandom v0.2.3
[INFO] [stderr]    Compiling serde_closure v0.3.2
[INFO] [stderr]    Compiling amadeus-streaming v0.4.2
[INFO] [stderr]    Compiling amadeus-core v0.4.2
[INFO] [stderr]    Compiling amadeus-types v0.4.2
[INFO] [stderr]    Compiling amadeus-serde v0.4.2 (/opt/rustwide/workdir)
[INFO] [stderr]    Compiling regex v1.5.4
[INFO] [stderr]    Compiling rand_core v0.6.2
[INFO] [stderr]    Compiling rand_core v0.5.1
[INFO] [stderr]    Compiling rand_chacha v0.3.0
[INFO] [stderr]    Compiling rand_chacha v0.2.2
[INFO] [stderr]    Compiling rand_pcg v0.2.1
[INFO] [stderr]    Compiling rand v0.8.3
[INFO] [stderr]    Compiling rand v0.7.3
[INFO] [stderr]    Compiling parse-zoneinfo v0.3.0
[INFO] [stderr]    Compiling ordered-float v2.5.0
[INFO] [stderr]    Compiling twox-hash v1.6.0
[INFO] [stderr]    Compiling chrono-tz v0.5.3
[INFO] [stderr]    Compiling serde_derive v1.0.126
[INFO] [stderr]    Compiling serde_closure_derive v0.3.2
[INFO] [stderr]    Compiling delegate-attr v0.2.9
[INFO] [stderr]    Compiling enum-ordinalize v3.1.10
[INFO] [stderr]    Compiling derive-new v0.5.9
[INFO] [stderr]    Compiling owned_chars v0.3.2
[INFO] [stderr]    Compiling educe v0.4.16
[INFO] [stderr]    Compiling pin-project v0.4.28
[INFO] [stderr]    Compiling futures-executor v0.3.15
[INFO] [stderr]    Compiling futures v0.3.15
[INFO] [stderr]    Compiling serde v1.0.126
[INFO] [stderr]    Compiling either v1.6.1
[INFO] [stderr]    Compiling sum v0.1.7
[INFO] [stderr]    Compiling chrono v0.4.19
[INFO] [stderr]    Compiling multimap v0.8.3
[INFO] [stderr]    Compiling url v2.2.2
[INFO] [stderr]    Compiling bstr v0.2.16
[INFO] [stderr]    Compiling serde_bytes v0.11.5
[INFO] [stderr]    Compiling itertools v0.9.0
[INFO] [stderr]    Compiling csv v1.1.6
[INFO] [stdout] error[E0658]: `impl Trait` in type aliases is unstable
[INFO] [stdout]   --> src/csv.rs:84:37
[INFO] [stdout]    |
[INFO] [stdout] 84 | type Output<P: Partition, Row, E> = impl Stream<Item = Result<Row, Error<P, E>>>;
[INFO] [stdout]    |                                     ^^^^^^^^^^^^^^^^^^^^^^^^^^^^^^^^^^^^^^^^^^^^
[INFO] [stdout]    |
[INFO] [stdout]    = note: see issue #63063 <https://github.com/rust-lang/rust/issues/63063> for more information
[INFO] [stdout]    = help: add `#![feature(min_type_alias_impl_trait)]` to the crate attributes to enable
[INFO] [stdout] 
[INFO] [stdout] 
[INFO] [stdout] error[E0658]: `impl Trait` in type aliases is unstable
[INFO] [stdout]    --> src/csv.rs:156:20
[INFO] [stdout]     |
[INFO] [stdout] 156 |     type DistStream = impl DistributedStream<Item = Result<Self::Item, Self::Error>>;
[INFO] [stdout]     |                       ^^^^^^^^^^^^^^^^^^^^^^^^^^^^^^^^^^^^^^^^^^^^^^^^^^^^^^^^^^^^^^
[INFO] [stdout]     |
[INFO] [stdout]     = note: see issue #63063 <https://github.com/rust-lang/rust/issues/63063> for more information
[INFO] [stdout]     = help: add `#![feature(min_type_alias_impl_trait)]` to the crate attributes to enable
[INFO] [stdout] 
[INFO] [stdout] 
[INFO] [stdout] error[E0658]: `impl Trait` in type aliases is unstable
[INFO] [stdout]   --> src/json.rs:43:37
[INFO] [stdout]    |
[INFO] [stdout] 43 | type Output<P: Partition, Row, E> = impl Stream<Item = Result<Row, Error<P, E>>>;
[INFO] [stdout]    |                                     ^^^^^^^^^^^^^^^^^^^^^^^^^^^^^^^^^^^^^^^^^^^^
[INFO] [stdout]    |
[INFO] [stdout]    = note: see issue #63063 <https://github.com/rust-lang/rust/issues/63063> for more information
[INFO] [stdout]    = help: add `#![feature(min_type_alias_impl_trait)]` to the crate attributes to enable
[INFO] [stdout] 
[INFO] [stdout] 
[INFO] [stdout] error[E0658]: `impl Trait` in type aliases is unstable
[INFO] [stdout]    --> src/json.rs:110:20
[INFO] [stdout]     |
[INFO] [stdout] 110 |     type DistStream = impl DistributedStream<Item = Result<Self::Item, Self::Error>>;
[INFO] [stdout]     |                       ^^^^^^^^^^^^^^^^^^^^^^^^^^^^^^^^^^^^^^^^^^^^^^^^^^^^^^^^^^^^^^
[INFO] [stdout]     |
[INFO] [stdout]     = note: see issue #63063 <https://github.com/rust-lang/rust/issues/63063> for more information
[INFO] [stdout]     = help: add `#![feature(min_type_alias_impl_trait)]` to the crate attributes to enable
[INFO] [stdout] 
[INFO] [stdout] 
[INFO] [stdout] warning: the feature `type_alias_impl_trait` is incomplete and may not be safe to use and/or cause compiler crashes
[INFO] [stdout]   --> src/lib.rs:10:30
[INFO] [stdout]    |
[INFO] [stdout] 10 | #![cfg_attr(nightly, feature(type_alias_impl_trait))]
[INFO] [stdout]    |                              ^^^^^^^^^^^^^^^^^^^^^
[INFO] [stdout]    |
[INFO] [stdout]    = note: `#[warn(incomplete_features)]` on by default
[INFO] [stdout]    = note: see issue #63063 <https://github.com/rust-lang/rust/issues/63063> for more information
[INFO] [stdout] 
[INFO] [stdout] 
[INFO] [stdout] error[E0277]: the trait bound `Row: SerdeData` is not satisfied
[INFO] [stdout]    --> src/csv.rs:84:37
[INFO] [stdout]     |
[INFO] [stdout] 84  | type Output<P: Partition, Row, E> = impl Stream<Item = Result<Row, Error<P, E>>>;
[INFO] [stdout]     |                                     ^^^^^^^^^^^^^^^^^^^^^^^^^^^^^^^^^^^^^^^^^^^^ the trait `SerdeData` is not implemented for `Row`
[INFO] [stdout]     |
[INFO] [stdout] note: required because of the requirements on the impl of `for<'de> csv::_::_serde::Deserialize<'de>` for `SerdeDeserializeGroup<Row>`
[INFO] [stdout]    --> src/lib.rs:111:14
[INFO] [stdout]     |
[INFO] [stdout] 111 | impl<'de, T> serde::Deserialize<'de> for SerdeDeserializeGroup<T>
[INFO] [stdout]     |              ^^^^^^^^^^^^^^^^^^^^^^^     ^^^^^^^^^^^^^^^^^^^^^^^^
[INFO] [stdout]     = note: required because of the requirements on the impl of `DeserializeOwned` for `SerdeDeserializeGroup<Row>`
[INFO] [stdout]     = note: required because of the requirements on the impl of `Iterator` for `DeserializeRecordsIntoIter<std::io::Cursor<Vec<u8>>, SerdeDeserializeGroup<Row>>`
[INFO] [stdout]     = note: 1 redundant requirements hidden
[INFO] [stdout]     = note: required because of the requirements on the impl of `Iterator` for `std::iter::Map<DeserializeRecordsIntoIter<std::io::Cursor<Vec<u8>>, SerdeDeserializeGroup<Row>>, [closure@src/csv.rs:116:14: 118:10]>`
[INFO] [stdout]     = note: required because of the requirements on the impl of `futures::Stream` for `futures::stream::Map<futures::stream::FlatMap<futures::stream::Iter<std::vec::IntoIter<<P as Partition>::Page>>, FlattenStream<futures::future::Map<impl futures::Future, fn(Result<futures::stream::Iter<std::iter::Map<DeserializeRecordsIntoIter<std::io::Cursor<Vec<u8>>, SerdeDeserializeGroup<Row>>, [closure@src/csv.rs:116:14: 118:10]>>, CsvError<E, <P as Partition>::Error, <<P as Partition>::Page as Page>::Error>>) -> ResultExpandIter<futures::stream::Iter<std::iter::Map<DeserializeRecordsIntoIter<std::io::Cursor<Vec<u8>>, SerdeDeserializeGroup<Row>>, [closure@src/csv.rs:116:14: 118:10]>>, CsvError<E, <P as Partition>::Error, <<P as Partition>::Page as Page>::Error>> {ResultExpandIter::<futures::stream::Iter<std::iter::Map<DeserializeRecordsIntoIter<std::io::Cursor<Vec<u8>>, SerdeDeserializeGroup<Row>>, [closure@src/csv.rs:116:14: 118:10]>>, CsvError<E, <P as Partition>::Error, <<P as Partition>::Page as Page>::Error>>::new}>>, [closure@src/csv.rs:102:15: 123:6]>, [closure@src/csv.rs:124:10: 124:77]>`
[INFO] [stdout]     = note: 1 redundant requirements hidden
[INFO] [stdout]     = note: required because of the requirements on the impl of `futures::Stream` for `futures::stream::Map<FlattenStream<futures::future::Map<impl futures::Future, fn(Result<futures::stream::Map<futures::stream::FlatMap<futures::stream::Iter<std::vec::IntoIter<<P as Partition>::Page>>, FlattenStream<futures::future::Map<impl futures::Future, fn(Result<futures::stream::Iter<std::iter::Map<DeserializeRecordsIntoIter<std::io::Cursor<Vec<u8>>, SerdeDeserializeGroup<Row>>, [closure@src/csv.rs:116:14: 118:10]>>, CsvError<E, <P as Partition>::Error, <<P as Partition>::Page as Page>::Error>>) -> ResultExpandIter<futures::stream::Iter<std::iter::Map<DeserializeRecordsIntoIter<std::io::Cursor<Vec<u8>>, SerdeDeserializeGroup<Row>>, [closure@src/csv.rs:116:14: 118:10]>>, CsvError<E, <P as Partition>::Error, <<P as Partition>::Page as Page>::Error>> {ResultExpandIter::<futures::stream::Iter<std::iter::Map<DeserializeRecordsIntoIter<std::io::Cursor<Vec<u8>>, SerdeDeserializeGroup<Row>>, [closure@src/csv.rs:116:14: 118:10]>>, CsvError<E, <P as Partition>::Error, <<P as Partition>::Page as Page>::Error>>::new}>>, [closure@src/csv.rs:102:15: 123:6]>, [closure@src/csv.rs:124:10: 124:77]>, CsvError<E, <P as Partition>::Error, <<P as Partition>::Page as Page>::Error>>) -> ResultExpandIter<futures::stream::Map<futures::stream::FlatMap<futures::stream::Iter<std::vec::IntoIter<<P as Partition>::Page>>, FlattenStream<futures::future::Map<impl futures::Future, fn(Result<futures::stream::Iter<std::iter::Map<DeserializeRecordsIntoIter<std::io::Cursor<Vec<u8>>, SerdeDeserializeGroup<Row>>, [closure@src/csv.rs:116:14: 118:10]>>, CsvError<E, <P as Partition>::Error, <<P as Partition>::Page as Page>::Error>>) -> ResultExpandIter<futures::stream::Iter<std::iter::Map<DeserializeRecordsIntoIter<std::io::Cursor<Vec<u8>>, SerdeDeserializeGroup<Row>>, [closure@src/csv.rs:116:14: 118:10]>>, CsvError<E, <P as Partition>::Error, <<P as Partition>::Page as Page>::Error>> {ResultExpandIter::<futures::stream::Iter<std::iter::Map<DeserializeRecordsIntoIter<std::io::Cursor<Vec<u8>>, SerdeDeserializeGroup<Row>>, [closure@src/csv.rs:116:14: 118:10]>>, CsvError<E, <P as Partition>::Error, <<P as Partition>::Page as Page>::Error>>::new}>>, [closure@src/csv.rs:102:15: 123:6]>, [closure@src/csv.rs:124:10: 124:77]>, CsvError<E, <P as Partition>::Error, <<P as Partition>::Page as Page>::Error>> {ResultExpandIter::<futures::stream::Map<futures::stream::FlatMap<futures::stream::Iter<std::vec::IntoIter<<P as Partition>::Page>>, FlattenStream<futures::future::Map<impl futures::Future, fn(Result<futures::stream::Iter<std::iter::Map<DeserializeRecordsIntoIter<std::io::Cursor<Vec<u8>>, SerdeDeserializeGroup<Row>>, [closure@src/csv.rs:116:14: 118:10]>>, CsvError<E, <P as Partition>::Error, <<P as Partition>::Page as Page>::Error>>) -> ResultExpandIter<futures::stream::Iter<std::iter::Map<DeserializeRecordsIntoIter<std::io::Cursor<Vec<u8>>, SerdeDeserializeGroup<Row>>, [closure@src/csv.rs:116:14: 118:10]>>, CsvError<E, <P as Partition>::Error, <<P as Partition>::Page as Page>::Error>> {ResultExpandIter::<futures::stream::Iter<std::iter::Map<DeserializeRecordsIntoIter<std::io::Cursor<Vec<u8>>, SerdeDeserializeGroup<Row>>, [closure@src/csv.rs:116:14: 118:10]>>, CsvError<E, <P as Partition>::Error, <<P as Partition>::Page as Page>::Error>>::new}>>, [closure@src/csv.rs:102:15: 123:6]>, [closure@src/csv.rs:124:10: 124:77]>, CsvError<E, <P as Partition>::Error, <<P as Partition>::Page as Page>::Error>>::new}>>, [closure@src/csv.rs:128:9: 128:71]>`
[INFO] [stdout] help: consider restricting type parameter `Row`
[INFO] [stdout]     |
[INFO] [stdout] 84  | type Output<P: Partition, Row: SerdeData, E> = impl Stream<Item = Result<Row, Error<P, E>>>;
[INFO] [stdout]     |                              ^^^^^^^^^^^
[INFO] [stdout] 
[INFO] [stdout] 
[INFO] [stdout] error[E0277]: the trait bound `Row: SerdeData` is not satisfied
[INFO] [stdout]   --> src/json.rs:43:37
[INFO] [stdout]    |
[INFO] [stdout] 43 | type Output<P: Partition, Row, E> = impl Stream<Item = Result<Row, Error<P, E>>>;
[INFO] [stdout]    |                                     ^^^^^^^^^^^^^^^^^^^^^^^^^^^^^^^^^^^^^^^^^^^^ the trait `SerdeData` is not implemented for `Row`
[INFO] [stdout]    |
[INFO] [stdout] note: required because of the requirements on the impl of `csv::_::_serde::Deserialize<'_>` for `SerdeDeserialize<Row>`
[INFO] [stdout]   --> src/lib.rs:98:14
[INFO] [stdout]    |
[INFO] [stdout] 98 | impl<'de, T> serde::Deserialize<'de> for SerdeDeserialize<T>
[INFO] [stdout]    |              ^^^^^^^^^^^^^^^^^^^^^^^     ^^^^^^^^^^^^^^^^^^^
[INFO] [stdout]    = note: required because of the requirements on the impl of `Iterator` for `StreamDeserializer<'static, IoRead<PassError<std::io::Cursor<Vec<u8>>>>, SerdeDeserialize<Row>>`
[INFO] [stdout]    = note: 1 redundant requirements hidden
[INFO] [stdout]    = note: required because of the requirements on the impl of `Iterator` for `std::iter::Map<StreamDeserializer<'static, IoRead<PassError<std::io::Cursor<Vec<u8>>>>, SerdeDeserialize<Row>>, [closure@src/json.rs:71:9: 71:71]>`
[INFO] [stdout]    = note: required because of the requirements on the impl of `futures::Stream` for `futures::stream::Map<futures::stream::FlatMap<futures::stream::Iter<std::vec::IntoIter<<P as Partition>::Page>>, FlattenStream<futures::future::Map<impl futures::Future, fn(Result<futures::stream::Iter<std::iter::Map<StreamDeserializer<'static, IoRead<PassError<std::io::Cursor<Vec<u8>>>>, SerdeDeserialize<Row>>, [closure@src/json.rs:71:9: 71:71]>>, JsonError<E, <P as Partition>::Error, <<P as Partition>::Page as Page>::Error>>) -> ResultExpandIter<futures::stream::Iter<std::iter::Map<StreamDeserializer<'static, IoRead<PassError<std::io::Cursor<Vec<u8>>>>, SerdeDeserialize<Row>>, [closure@src/json.rs:71:9: 71:71]>>, JsonError<E, <P as Partition>::Error, <<P as Partition>::Page as Page>::Error>> {ResultExpandIter::<futures::stream::Iter<std::iter::Map<StreamDeserializer<'static, IoRead<PassError<std::io::Cursor<Vec<u8>>>>, SerdeDeserialize<Row>>, [closure@src/json.rs:71:9: 71:71]>>, JsonError<E, <P as Partition>::Error, <<P as Partition>::Page as Page>::Error>>::new}>>, [closure@src/json.rs:61:15: 77:6]>, [closure@src/json.rs:78:10: 78:78]>`
[INFO] [stdout]    = note: 1 redundant requirements hidden
[INFO] [stdout]    = note: required because of the requirements on the impl of `futures::Stream` for `futures::stream::Map<FlattenStream<futures::future::Map<impl futures::Future, fn(Result<futures::stream::Map<futures::stream::FlatMap<futures::stream::Iter<std::vec::IntoIter<<P as Partition>::Page>>, FlattenStream<futures::future::Map<impl futures::Future, fn(Result<futures::stream::Iter<std::iter::Map<StreamDeserializer<'static, IoRead<PassError<std::io::Cursor<Vec<u8>>>>, SerdeDeserialize<Row>>, [closure@src/json.rs:71:9: 71:71]>>, JsonError<E, <P as Partition>::Error, <<P as Partition>::Page as Page>::Error>>) -> ResultExpandIter<futures::stream::Iter<std::iter::Map<StreamDeserializer<'static, IoRead<PassError<std::io::Cursor<Vec<u8>>>>, SerdeDeserialize<Row>>, [closure@src/json.rs:71:9: 71:71]>>, JsonError<E, <P as Partition>::Error, <<P as Partition>::Page as Page>::Error>> {ResultExpandIter::<futures::stream::Iter<std::iter::Map<StreamDeserializer<'static, IoRead<PassError<std::io::Cursor<Vec<u8>>>>, SerdeDeserialize<Row>>, [closure@src/json.rs:71:9: 71:71]>>, JsonError<E, <P as Partition>::Error, <<P as Partition>::Page as Page>::Error>>::new}>>, [closure@src/json.rs:61:15: 77:6]>, [closure@src/json.rs:78:10: 78:78]>, JsonError<E, <P as Partition>::Error, <<P as Partition>::Page as Page>::Error>>) -> ResultExpandIter<futures::stream::Map<futures::stream::FlatMap<futures::stream::Iter<std::vec::IntoIter<<P as Partition>::Page>>, FlattenStream<futures::future::Map<impl futures::Future, fn(Result<futures::stream::Iter<std::iter::Map<StreamDeserializer<'static, IoRead<PassError<std::io::Cursor<Vec<u8>>>>, SerdeDeserialize<Row>>, [closure@src/json.rs:71:9: 71:71]>>, JsonError<E, <P as Partition>::Error, <<P as Partition>::Page as Page>::Error>>) -> ResultExpandIter<futures::stream::Iter<std::iter::Map<StreamDeserializer<'static, IoRead<PassError<std::io::Cursor<Vec<u8>>>>, SerdeDeserialize<Row>>, [closure@src/json.rs:71:9: 71:71]>>, JsonError<E, <P as Partition>::Error, <<P as Partition>::Page as Page>::Error>> {ResultExpandIter::<futures::stream::Iter<std::iter::Map<StreamDeserializer<'static, IoRead<PassError<std::io::Cursor<Vec<u8>>>>, SerdeDeserialize<Row>>, [closure@src/json.rs:71:9: 71:71]>>, JsonError<E, <P as Partition>::Error, <<P as Partition>::Page as Page>::Error>>::new}>>, [closure@src/json.rs:61:15: 77:6]>, [closure@src/json.rs:78:10: 78:78]>, JsonError<E, <P as Partition>::Error, <<P as Partition>::Page as Page>::Error>> {ResultExpandIter::<futures::stream::Map<futures::stream::FlatMap<futures::stream::Iter<std::vec::IntoIter<<P as Partition>::Page>>, FlattenStream<futures::future::Map<impl futures::Future, fn(Result<futures::stream::Iter<std::iter::Map<StreamDeserializer<'static, IoRead<PassError<std::io::Cursor<Vec<u8>>>>, SerdeDeserialize<Row>>, [closure@src/json.rs:71:9: 71:71]>>, JsonError<E, <P as Partition>::Error, <<P as Partition>::Page as Page>::Error>>) -> ResultExpandIter<futures::stream::Iter<std::iter::Map<StreamDeserializer<'static, IoRead<PassError<std::io::Cursor<Vec<u8>>>>, SerdeDeserialize<Row>>, [closure@src/json.rs:71:9: 71:71]>>, JsonError<E, <P as Partition>::Error, <<P as Partition>::Page as Page>::Error>> {ResultExpandIter::<futures::stream::Iter<std::iter::Map<StreamDeserializer<'static, IoRead<PassError<std::io::Cursor<Vec<u8>>>>, SerdeDeserialize<Row>>, [closure@src/json.rs:71:9: 71:71]>>, JsonError<E, <P as Partition>::Error, <<P as Partition>::Page as Page>::Error>>::new}>>, [closure@src/json.rs:61:15: 77:6]>, [closure@src/json.rs:78:10: 78:78]>, JsonError<E, <P as Partition>::Error, <<P as Partition>::Page as Page>::Error>>::new}>>, [closure@src/json.rs:82:9: 82:71]>`
[INFO] [stdout] help: consider restricting type parameter `Row`
[INFO] [stdout]    |
[INFO] [stdout] 43 | type Output<P: Partition, Row: SerdeData, E> = impl Stream<Item = Result<Row, Error<P, E>>>;
[INFO] [stdout]    |                              ^^^^^^^^^^^
[INFO] [stdout] 
[INFO] [stdout] 
[INFO] [stdout] error: aborting due to 6 previous errors; 1 warning emitted
[INFO] [stdout] 
[INFO] [stdout] 
[INFO] [stdout] Some errors have detailed explanations: E0277, E0658.
[INFO] [stdout] 
[INFO] [stdout] For more information about an error, try `rustc --explain E0277`.
[INFO] [stdout] 
[INFO] [stderr] error: could not compile `amadeus-serde`
[INFO] [stderr] 
[INFO] [stderr] To learn more, run the command again with --verbose.
[INFO] running `Command { std: "docker" "inspect" "3372bcbe5844304d3c0f17ff9207051f41bd2f42bda717b64a33a644068fc90b", kill_on_drop: false }`
[INFO] running `Command { std: "docker" "rm" "-f" "3372bcbe5844304d3c0f17ff9207051f41bd2f42bda717b64a33a644068fc90b", kill_on_drop: false }`
[INFO] [stdout] 3372bcbe5844304d3c0f17ff9207051f41bd2f42bda717b64a33a644068fc90b
